alse
Is 782128411 a composite number?
False
Is 3724960637 a prime number?
True
Is 36203652967 a prime number?
False
Is 1493057851 a composite number?
True
Is 12850208899 a prime number?
False
Is 232677227 a prime number?
False
Is 140258219 a composite number?
False
Is 19424973713 prime?
True
Is 149265019 prime?
True
Is 649765829 prime?
True
Is 14434407751 composite?
True
Is 1140283969 composite?
True
Is 36458159351 a prime number?
True
Is 4545200689 prime?
False
Is 16359135841 a prime number?
True
Is 136667239 a prime number?
True
Is 1192278149 a prime number?
False
Is 720766237 a prime number?
True
Is 26013676669 a composite number?
False
Is 993632917 prime?
False
Is 1308339413 composite?
False
Is 33236999 a prime number?
True
Is 2883121523 a prime number?
False
Is 726687857 prime?
False
Is 19190065183 a prime number?
True
Is 5060404889 a prime number?
True
Is 239093969 a prime number?
True
Is 189772073 prime?
False
Is 51161861 prime?
False
Is 34951291079 prime?
True
Is 56952423149 composite?
True
Is 7802899393 composite?
True
Is 25456217 a composite number?
True
Is 306791579 prime?
False
Is 239403610871 composite?
False
Is 4503769003 composite?
True
Is 35753909 composite?
True
Is 69599194799 a prime number?
True
Is 1904565077 a composite number?
False
Is 1400343179 composite?
False
Is 2620178801 a composite number?
False
Is 82022939179 a composite number?
False
Is 1770793001 composite?
False
Is 79295211593 composite?
True
Is 106747009879 composite?
False
Is 35806902511 prime?
False
Is 548883941 a composite number?
True
Is 1636921509 prime?
False
Is 19560131623 a composite number?
True
Is 7297976443 prime?
True
Is 531356731 composite?
True
Is 4521862867 a prime number?
True
Is 89410099 a prime number?
False
Is 15237281399 a prime number?
True
Is 82401815723 a prime number?
True
Is 5600059793 prime?
False
Is 4319201021 composite?
False
Is 3853602487 prime?
False
Is 651587201 prime?
False
Is 41861333 a composite number?
False
Is 168589331 a composite number?
False
Is 157186957 a prime number?
False
Is 4776546679 a prime number?
True
Is 255538297 a prime number?
False
Is 837173817085 composite?
True
Is 546991195 prime?
False
Is 20772057791 composite?
False
Is 368840123 prime?
False
Is 6677585617 a composite number?
True
Is 5316941249 a composite number?
False
Is 147106570777 a composite number?
False
Is 4334068639 prime?
True
Is 22970263367 a composite number?
False
Is 1021386719 composite?
False
Is 2489961467 a prime number?
False
Is 1432165129 a composite number?
True
Is 1474682233 a composite number?
False
Is 2128241809 a prime number?
False
Is 1833302557 composite?
False
Is 811980655517 a composite number?
False
Is 16106572583 composite?
False
Is 39382119389 prime?
True
Is 19013539817 a prime number?
True
Is 2924774897 composite?
True
Is 8261066657 a prime number?
True
Is 159823481903 a composite number?
True
Is 3427520423 a composite number?
False
Is 73143901 a prime number?
False
Is 192799391 prime?
False
Is 107718721 prime?
False
Is 5352209239 a prime number?
False
Is 12182369557 a prime number?
True
Is 118931677651 prime?
True
Is 367593661 composite?
False
Is 7461274481 composite?
False
Is 638105569 prime?
True
Is 64513724159 composite?
False
Is 13286655761 prime?
False
Is 33963837049 composite?
True
Is 24465562883 a composite number?
True
Is 1295832697 a composite number?
False
Is 150627329 a composite number?
False
Is 2928491161 a prime number?
True
Is 1776258245 a prime number?
False
Is 10818814945 a prime number?
False
Is 170501918371 a prime number?
True
Is 68026973699 prime?
True
Is 42571081 a prime number?
False
Is 81182467 a composite number?
False
Is 5642218031 composite?
False
Is 749198227 a prime number?
True
Is 1212997187 prime?
True
Is 5580568351 a prime number?
True
Is 1218249407 prime?
True
Is 13899722977 composite?
True
Is 199070057 prime?
False
Is 6128481083 a composite number?
True
Is 445174441 prime?
True
Is 43248783901 prime?
False
Is 7557225197 a prime number?
True
Is 1066700387 a composite number?
True
Is 374081797 a prime number?
True
Is 5697655721 a prime number?
True
Is 64104500743 a prime number?
False
Is 1358564209 composite?
False
Is 7574104199 a composite number?
True
Is 2644371661 composite?
True
Is 18337226419 prime?
True
Is 75011902457 a composite number?
True
Is 915099053 composite?
True
Is 48996364733 prime?
False
Is 8062766713 composite?
False
Is 999540667 composite?
False
Is 11360108737 composite?
False
Is 1214582233 a composite number?
False
Is 9790894811 prime?
True
Is 41756674013 composite?
True
Is 361163710217 composite?
True
Is 38741709679 a composite number?
True
Is 19557349153 a composite number?
True
Is 6097015027 prime?
True
Is 281413831 prime?
True
Is 1266451769 prime?
False
Is 5111331253 composite?
True
Is 563710471 a prime number?
True
Is 1624955 a prime number?
False
Is 14513690431 a prime number?
True
Is 20869586041 prime?
False
Is 1682634857 a composite number?
True
Is 1748689673 prime?
False
Is 61791201607 composite?
False
Is 2348857067 composite?
True
Is 33291660529 composite?
False
Is 4567941779 composite?
False
Is 6843526553 a composite number?
False
Is 416971879 a composite number?
True
Is 46167128201 composite?
False
Is 276954079 prime?
False
Is 1566037217 composite?
False
Is 2425692883 composite?
True
Is 23368427 prime?
False
Is 10948391549 composite?
True
Is 1825076819 a prime number?
True
Is 61045297723 prime?
False
Is 180421463 a composite number?
False
Is 1676165713 a prime number?
False
Is 6346584617 a prime number?
True
Is 7567616371 prime?
False
Is 4796250983 prime?
False
Is 51756490207 a prime number?
True
Is 2796363562 a prime number?
False
Is 32223143 composite?
True
Is 115755187121 composite?
True
Is 16517111151 composite?
True
Is 1115674621 prime?
False
Is 6492434171 prime?
True
Is 2254523203 composite?
False
Is 2901412133 a prime number?
True
Is 456128627 composite?
True
Is 102137368631 a composite number?
False
Is 1556434479 composite?
True
Is 1733007901 a prime number?
True
Is 3357488453 a prime number?
False
Is 36786833 composite?
False
Is 31777721 composite?
False
Is 1159393691 a composite number?
True
Is 33388333437 a composite number?
True
Is 1058398555 composite?
True
Is 1075612297 prime?
False
Is 1405198423 a prime number?
True
Is 1051468687 a prime number?
False
Is 1211117027 a prime number?
True
Is 829071361 composite?
False
Is 1517987687 composite?
True
Is 26309695679 composite?
False
Is 13618117186 a prime number?
False
Is 6616965053 a prime number?
True
Is 319804643 composite?
False
Is 5497922446 composite?
True
Is 4157441747 a prime number?
True
Is 31108778189 composite?
False
Is 180259214957 a prime number?
False
Is 203703509 composite?
True
Is 275401403 a prime number?
False
Is 528206359 composite?
True
Is 411928427 prime?
False
Is 3913602377 a composite number?
True
Is 661479751 prime?
True
Is 189690203 prime?
False
Is 36402363119 prime?
True
Is 15897564719 composite?
False
Is 1035971171 composite?
False
Is 61316412389 composite?
False
Is 311660197 a composite number?
False
Is 3747681959 composite?
True
Is 760603297 prime?
True
Is 1093706151 a composite number?
True
Is 6028802839 prime?
True
Is 9696514543 a composite number?
True
Is 248981263 composite?
True
Is 9958990039 a composite number?
False
Is 2195432143 prime?
True
Is 43736961815 a composite number?
True
Is 6495683941 a composite number?
False
Is 566088769 a composite number?
False
Is 2390775347 composite?
True
Is 1564274183 composite?
True
Is 6879707477 a composite number?
False
Is 2497307213 a composite number?
False
Is 13015114687 a composite number?
True
Is 2816844909 a prime number?
False
Is 147509589 a composite number?
True
Is 35132672843 a prime number?
False
Is 9473235221 a composite number?
True
Is 597718061 composite?
False
Is 3550231361 a composite number?
False
Is 5830219001 prime?
False
Is 150470135 prime?
False
Is 77628077 prime?
True
Is 358083283 a composite number?
False
Is 71019499 a composite number?
True
Is 3340630421 composite?
True
Is 3091495343 a prime number?
False
Is 13083126677 prime?
True
Is 26787624763 composite?
False
Is 13367524377 composite?
True
Is 229916227427 prime?
True
Is 5883758329 a composite number?
True
Is 286342409 composite?
True
Is 79957108393 pr